
What is the greatest common divisor of 148 and 5587?
37
Calculate the greatest common divisor of 119 and 85.
17
Calculate the greatest common factor of 369 and 4.
1
What is the highest common divisor of 95 and 35?
5
What is the greatest common factor of 27 and 378?
27
Calculate the highest common divisor of 1128 and 192.
24
What is the highest common divisor of 54464 and 16?
16
Calculate the highest common factor of 1580 and 20.
20
Calculate the highest common factor of 5 and 265.
5
What is the highest common divisor of 112 and 64?
16
Calculate the highest common factor of 292 and 224.
4
What is the highest common divisor of 804 and 12?
12
What is the greatest common divisor of 49 and 10633?
49
What is the greatest common factor of 16 and 264?
8
Calculate the highest common factor of 623 and 7.
7
What is the highest common divisor of 4366 and 118?
118
Calculate the greatest common factor of 612 and 288.
36
What is the highest common divisor of 4705 and 20?
5
Calculate the highest common divisor of 303 and 3.
3
Calculate the highest common factor of 46 and 575.
23
Calculate the highest common factor of 1701 and 63.
63
What is the greatest common factor of 303 and 3?
3
Calculate the highest common divisor of 108 and 19764.
108
Calculate the highest common factor of 763 and 436.
109
Calculate the highest common factor of 81 and 6102.
27
Calculate the greatest common divisor of 266 and 38.
38
Calculate the highest common factor of 64 and 116.
4
What is the greatest common factor of 1525 and 275?
25
What is the highest common factor of 336 and 784?
112
What is the greatest common factor of 2 and 197?
1
Calculate the highest common factor of 30 and 225.
15
What is the highest common factor of 30 and 6?
6
Calculate the greatest common factor of 1302 and 31.
31
What is the greatest common factor of 150 and 3450?
150
What is the highest common factor of 1134 and 54?
54
Calculate the highest common divisor of 1037 and 122.
61
What is the greatest common factor of 147 and 5?
1
What is the greatest common divisor of 10166 and 34?
34
What is the greatest common divisor of 1200 and 75?
75
Calculate the highest common divisor of 48 and 1884.
12
Calculate the greatest common factor of 505 and 5.
5
Calculate the highest common factor of 113 and 3503.
113
What is the greatest common divisor of 1596 and 336?
84
What is the greatest common divisor of 2010 and 70?
10
What is the greatest common divisor of 6494 and 136?
34
Calculate the greatest common factor of 36 and 45.
9
Calculate the highest common divisor of 17 and 459.
17
What is the greatest common factor of 16 and 208?
16
Calculate the greatest common divisor of 923 and 994.
71
Calculate the highest common divisor of 130 and 14170.
130
Calculate the highest common divisor of 128 and 2.
2
Calculate the greatest common factor of 14 and 623.
7
What is the greatest common factor of 144 and 266?
2
Calculate the highest common divisor of 270 and 7110.
90
What is the greatest common factor of 737 and 11?
11
Calculate the highest common divisor of 3 and 57.
3
Calculate the highest common divisor of 126 and 567.
63
What is the greatest common factor of 30 and 3060?
30
What is the highest common factor of 3 and 69?
3
Calculate the highest common factor of 6036 and 12.
12
Calculate the greatest common divisor of 32 and 25264.
16
Calculate the highest common divisor of 6364 and 148.
148
What is the highest common factor of 4 and 2?
2
Calculate the greatest common factor of 53 and 23267.
53
Calculate the greatest common divisor of 220 and 55.
55
Calculate the highest common factor of 612 and 136.
68
What is the highest common divisor of 245 and 35?
35
What is the highest common factor of 140 and 315?
35
Calculate the highest common factor of 214 and 24182.
214
What is the highest common divisor of 286 and 182?
26
What is the highest common factor of 247 and 52?
13
What is the highest common factor of 9856 and 112?
112
What is the highest common divisor of 28 and 10402?
14
Calculate the highest common factor of 13 and 13.
13
What is the greatest common divisor of 20 and 3500?
20
Calculate the highest common factor of 136 and 68.
68
What is the highest common factor of 90 and 12?
6
Calculate the greatest common divisor of 543 and 3439.
181
Calculate the highest common divisor of 11193 and 819.
273
What is the greatest common factor of 6381 and 9?
9
What is the highest common factor of 5278 and 13?
13
What is the greatest common factor of 190 and 1330?
190
Calculate the highest common factor of 1314 and 18.
18
Calculate the greatest common divisor of 11544 and 13.
13
Calculate the highest common divisor of 1200 and 75.
75
Calculate the highest common factor of 208 and 32.
16
Calculate the highest common divisor of 16 and 23.
1
Calculate the greatest common divisor of 518 and 2294.
74
What is the greatest common factor of 23074 and 498?
166
Calculate the greatest common divisor of 325 and 13.
13
Calculate the greatest common divisor of 80 and 16.
16
Calculate the greatest common factor of 224 and 182.
14
Calculate the highest common factor of 350 and 30.
10
What is the highest common divisor of 32 and 512?
32
What is the highest common divisor of 1260 and 200?
20
What is the highest common divisor of 30 and 480?
30
What is the highest common divisor of 9537 and 33?
33
What is the greatest common factor of 588 and 56?
28
Calculate the greatest common factor of 504 and 54.
18
What is the greatest common divisor of 24 and 36?
12
Calculate the greatest common divisor of 2556 and 108.
36
What is the highest common divisor of 45 and 855?
45
What is the highest common factor of 5 and 145?
5
What is the greatest common divisor of 407 and 296?
37
Calculate the greatest common factor of 774 and 18.
18
What is the highest common divisor of 9638 and 79?
79
What is the greatest common divisor of 513 and 114?
57
Calculate the highest common factor of 3 and 129.
3
Calculate the greatest common divisor of 93509 and 13.
13
Calculate the greatest common factor of 230 and 230.
230
Calculate the highest common factor of 1119 and 12.
3
Calculate the greatest common divisor of 50 and 925.
25
Calculate the greatest common factor of 9 and 387.
9
Calculate the highest common factor of 918 and 54.
54
Calculate the highest common divisor of 768 and 24.
24
What is the greatest common divisor of 69 and 759?
69
Calculate the greatest common factor of 620 and 124.
124
Calculate the greatest common divisor of 4760 and 408.
136
What is the highest common divisor of 984 and 108?
12
What is the greatest common divisor of 25 and 775?
25
What is the highest common divisor of 2034 and 48?
6
What is the highest common factor of 1515 and 101?
101
Calculate the greatest common factor of 12905 and 435.
145
Calculate the greatest common factor of 88 and 512.
8
Calculate the highest common divisor of 1876 and 112.
28
Calculate the greatest common factor of 2025 and 81.
81
What is the highest common factor of 57 and 57?
57
Calculate the greatest common factor of 960 and 15.
15
Calculate the highest common factor of 66 and 297.
33
Calculate the greatest common divisor of 13 and 39.
13
Calculate the highest common factor of 4028 and 3816.
212
What is the highest common factor of 40 and 2690?
10
Calculate the highest common divisor of 7774 and 184.
46
What is the greatest common factor of 6321 and 129?
129
Calculate the greatest common factor of 2670 and 120.
30
Calculate the greatest common divisor of 2585 and 94.
47
Calculate the highest common factor of 18 and 738.
18
Calculate the greatest common divisor of 72 and 264.
24
What is the greatest common factor of 69 and 276?
69
What is the highest common factor of 585 and 4329?
117
What is the highest common divisor of 36 and 1044?
36
Calculate the greatest common factor of 1975 and 450.
25
What is the highest common factor of 120 and 192?
24
What is the highest common factor of 672 and 126?
42
Calculate the highest common divisor of 10 and 31870.
10
What is the greatest common divisor of 2520 and 21?
21
What is the greatest common factor of 207 and 92?
23
Calculate the greatest common factor of 178 and 8722.
178
What is the greatest common factor of 1369 and 37?
37
Calculate the highest common divisor of 2716 and